5555
What is -50 (base 6) in base 11?
-28
311 (base 14) to base 13
375
Convert -582 (base 10) to base 16.
-246
-1093 (base 13) to base 16
-90d
What is -e27 (base 16) in base 8?
-7047
-125 (base 12) to base 10
-173
-213 (base 10) to base 13
-135
-17a (base 15) to base 2
-101010100
What is 2b8 (base 14) in base 4?
20222
What is -51c (base 15) in base 7?
-3234
What is 658 (base 14) in base 7?
3441
-3500 (base 10) to base 13
-1793
2270 (base 8) to base 3
1122202
Convert -214 (base 8) to base 10.
-140
595 (base 10) to base 4
21103
What is -52e (base 15) in base 12?
-815
Convert 105 (base 9) to base 15.
5b
Convert -11d (base 15) to base 12.
-191
What is 2580 (base 10) in base 13?
1236
-10111011011011 (base 2) to base 13
-55c9
-10b7c (base 13) to base 11
-20a29
Convert 2403343 (base 5) to base 15.
d183
What is 1511 (base 8) in base 6?
3521
What is 3805 (base 9) in base 7?
11165
Convert -cb7 (base 14) to base 9.
-3402
Convert -205343 (base 6) to base 8.
-40577
Convert 223 (base 7) to base 3.
11021
11000110100100 (base 2) to base 11
9603
-100010010010010 (base 2) to base 7
-102115
What is 10572 (base 8) in base 11?
33a8
-551 (base 10) to base 14
-2b5
Convert 2716 (base 9) to base 12.
1220
What is 258 (base 12) in base 14?
1b6
What is 866 (base 13) in base 7?
4121
What is -eac7 (base 15) in base 12?
-24907
Convert -722 (base 10) to base 6.
-3202
Convert 14e9 (base 15) to base 13.
2079
Convert 34359 (base 10) to base 4.
20120313
Convert 22ad (base 14) to base 7.
23406
2313 (base 6) to base 5
4144
12a (base 11) to base 8
231
Convert -b0 (base 12) to base 4.
-2010
What is -5085 (base 10) in base 8?
-11735
What is -9300 (base 11) in base 3?
-121221010
-1934 (base 10) to base 6
-12542
6100 (base 13) to base 5
411401
What is -1121321 (base 4) in base 9?
-7802
Convert 11443 (base 10) to base 13.
5293
Convert 3875 (base 9) to base 10.
2903
Convert 17343 (base 11) to base 16.
5f30
Convert 1016 (base 8) to base 5.
4101
Convert 30310 (base 4) to base 13.
4b1
Convert -5165 (base 7) to base 6.
-12215
What is -44114 (base 5) in base 6?
-22014
-100000110011011 (base 2) to base 13
-784c
Convert 604 (base 14) to base 9.
1551
2931 (base 10) to base 3
11000120
-122 (base 16) to base 6
-1202
What is -24324 (base 6) in base 14?
-143a
-13003 (base 5) to base 10
-1003
Convert -6101 (base 7) to base 8.
-4074
Convert -5176 (base 13) to base 11.
-84a9
Convert -11900 (base 15) to base 6.
-1111213
8469 (base 10) to base 7
33456
-1073 (base 14) to base 12
-1791
What is 65 (base 9) in base 15?
3e
11203 (base 6) to base 7
4425
Convert -1100100 (base 3) to base 11.
-812
What is 79 (base 12) in base 3?
10110
Convert -20008 (base 11) to base 3.
-1111011211
Convert 24557 (base 8) to base 16.
296f
What is 92 (base 13) in base 5?
434
Convert -258 (base 10) to base 2.
-100000010
-3035 (base 11) to base 8
-7677
Convert 13c0b (base 14) to base 3.
2111020020
What is 1126 (base 13) in base 4?
211132
-8289 (base 11) to base 13
-5002
What is -23014 (base 6) in base 5?
-101000
Convert -13113 (base 4) to base 6.
-2103
What is -3572 (base 11) in base 13?
-218a
Convert -24318 (base 11) to base 12.
-182b8
What is -202000 (base 4) in base 9?
-2877
Convert -35a (base 14) to base 3.
-220202
Convert 3dc (base 15) to base 7.
2400
Convert 5361 (base 7) to base 15.
870
105056 (base 7) to base 8
44203
What is 5 (base 13) in base 11?
5
What is -567 (base 16) in base 13?
-825
-1110011100 (base 2) to base 8
-1634
Convert 2ac6 (base 15) to base 12.
5396
20 (base 6) to base 10
12
What is 3313 (base 8) in base 13?
a3a
What is 349 (base 10) in base 9?
427
-1239 (base 13) to base 9
-3480
What is 1226a (base 14) in base 8?
126546
-1384 (base 11) to base 16
-6fa
Convert 454 (base 6) to base 5.
1203
Convert -1123311 (base 4) to base 3.
-22001200
What is -10ba1 (base 12) in base 5?
-1204231
Convert 12123 (base 4) to base 10.
411
What is -24 (base 10) in base 9?
-26
28263 (base 9) to base 11
13450
b1e (base 16) to base 8
5436
Convert -1144 (base 7) to base 4.
-12220
What is 200004 (base 5) in base 3?
22120122
Convert 6df (base 16) to base 8.
3337
Convert 200121 (base 3) to base 8.
766
What is -3231 (base 6) in base 13?
-44b
What is -15530 (base 9) in base 5?
-320023
What is 31105 (base 10) in base 6?
400001
What is -13313 (base 6) in base 4?
-200031
What is -220002 (base 3) in base 14?
-346
Convert -695 (base 10) to base 8.
-1267
Convert -101012 (base 4) to base 14.
-582
-100620 (base 8) to base 3
-1200111110
16d04 (base 14) to base 3
2220210010
782 (base 9) to base 4
22001
4442 (base 5) to base 16
26e
507 (base 9) to base 16
19c
Convert 107 (base 15) to base 12.
174
What is 122102 (base 3) in base 4?
13112
Convert -331 (base 12) to base 2.
-111010101
Convert -1001000101011 (base 2) to base 16.
-122b
121021111 (base 3) to base 2
10111001011010
What is 20321 (base 7) in base 13?
234b
Convert 63c (base 16) to base 11.
1221
What is -5495 (base 11) in base 8?
-16113
Convert -284 (base 10) to base 5.
-2114
What is 555 (base 11) in base 13?
3c2
Convert -13077 (base 8) to base 4.
-1120333
What is 101001010 (base 2) in base 16?
14a
37bd (base 14) to base 6
113123
What is 12 (base 15) in base 16?
11
What is -1eb2 (base 16) in base 6?
-100214
Convert 519 (base 10) to base 7.
1341
-aa (base 16) to base 2
-10101010
What is b3d8 (base 14) in base 9?
46422
What is 34544 (base 6) in base 8?
11540
176 (base 15) to base 8
520
577 (base 16) to base 2
10101110111
What is -242 (base 9) in base 14?
-104
1011002 (base 3) to base 8
1507
What is 2778 (base 10) in base 6?
20510
What is 23f (base 16) in base 10?
575
What is -22112321 (base 4) in base 6?
-524225
Convert -237d (base 14) to base 8.
-14053
10321232 (base 4) to base 2
100111001101110
What is -38aa (base 14) in base 7?
-41003
Convert -6566 (base 8) to base 2.
-110101110110
Convert -9710 (base 12) to base 13.
-770a
-7c0a (base 13) to base 9
-25802
What is 11d7 (base 16) in base 13?
2104
Convert -7b7 (base 14) to base 6.
-11033
What is 759a (base 12) in base 6?
135514
What is 21537 (base 10) in base 13?
9a59
What is 10100110 (base 2) in base 15?
b1
What is -21045 (base 6) in base 12?
-1785
120100 (base 3) to base 7
1131
What is 102201110 (base 3) in base 15?
27e9
Convert -7820 (base 13) to base 5.
-1014012
Convert -13691 (base 11) to base 12.
-b318
-232100 (base 5) to base 10
-8400
440453 (base 7) to base 12
38722
-279 (base 11) to base 4
-11020
Convert -4404 (base 6) to base 5.
-13022
-220 (base 4) to base 7
-55
7a (base 16) to base 10
122
178 (base 9) to base 4
2120
Convert 36171 (base 8) to base 12.
8b61
Convert 2158 (base 10) to base 11.
1692
4135 (base 6) to base 10
923
What is -1b72 (base 14) in base 3?
-20212012
Convert -277 (base 13) to base 2.
-110110100
What is 401153 (base 6) in base 8?
75235
What is -91c2 (base 14) in base 7?
-133032
-23189 (base 11) to base 12
-17471
What is -2041 (base 6) in base 14?
-249
Convert 10246 (base 8) to base 16.
10a6
Convert 1994 (base 10) to base 8.
3712
What is -2350 (base 6) in base 7?
-1443
-2123103 (base 5) to base 16
-8cbc
What is 21101 (base 4) in base 13?
368
What is -1646 (base 9) in base 4?
-103221
1010000 (base 2) to base 10
80
What is -d1 (base 16) in base 10?
-209
7022 (base 14) to base 12
b172
What is bb6 (base 12) in base 3?
2100210
-1777 (base 8) to base 2
-1111111111
What is 1001010001100001 (base 2) in base 4?
21101201
Convert 308 (base 16) to base 14.
3d6
Convert -580 (base 9) to base 3.
-122200
-66 (base 9) to base 8
-74
1734 (base 8) to base 9
1317
What is -744 (base 12) in base 15?
-4aa
What is 2189 (base 12) in base 9?
5066
Convert -1704 (base 13) to base 2.
-110100111000
-567 (base 16) to base 6
-10223
What is -101 (base 12) in base 11?
-122
-6a76 (base 13) to base 5
-434334
What is -c2 (base 16) in base 8?
-302
10010101100 (base 2) to base 11
998
-237 (base 10) to base 4
-3231
What is 2203 (base 4) in base 7?
322
-4ab0 (base 12) to base 10
-8484
17232 (base 9) to base 4
2321033
Convert 111020210 (base 3) to base 16.
25bc
Convert -225 (base 8) to base 3.
-12112
Convert -2614 (base 9) to base 4.
-132211
1110111 (base 3) to base 8
2052
What is 1343 (base 14) in base 16?
d3f
Convert 1143 (base 9) to base 10.
849
What is a3 (base 14) in base 2?
10001111
What is 7964 (base 10) in base 14?
2c8c
Convert -1111 (base 11) to bas